h) = -3*h - 8 - 3 + 0 - 1. Let c be g(i). Calculate the greatest common factor of c and 96.
12
Let g be (-32)/(-1)*(6/12 + 9 - 9). Calculate the highest common divisor of g and 2752.
16
Let z be 34/(6/(-57)*1). Let m = z + 466. Suppose -j + m - 53 = 0. Calculate the highest common divisor of 60 and j.
30
Let a be (-613)/(-3) + (-3)/9. Suppose 408 = -137*y + 143*y. What is the highest common factor of y and a?
68
Let k be (-1)/(132/27 + -5). Suppose k*x - 4 = 11*x. Let y be ((-1782)/(-24))/(x/(-8)). Calculate the greatest common factor of y and 33.
33
Let q(h) = h**2 + 33*h + 62. Let k be q(-46). What is the highest common divisor of 429 and k?
33
Let b(g) = -g. Let i be (0 - (-3)/3)*(2 + -2). Let s be b(i). Suppose 2*j - 22 = -3*v + 16, 4*j + 5*v - 80 = s. Calculate the highest common divisor of 5 and j.
5
Let q be 2*(3 + (-595)/28)*(-16)/4. Calculate the greatest common factor of q and 2263.
73
Let u = 39636 + -33401. Calculate the highest common factor of u and 645.
215
Let c be (-118)/(-8) - 4/(-16). Suppose 0 = c*a - 22*a + 84. What is the highest common divisor of a and 18?
6
Let l = 40 + 63. Let q be 31930/(-1395)*6/4*2*(-5 + -7). What is the highest common divisor of q and l?
103
Suppose 0 = 3*n - 13*n. Let w be -2 + (170 - n/(-4)). Suppose 0 = -4*a + h + h + 86, 3*a = -2*h + 61. Calculate the greatest common divisor of a and w.
21
Let b = -84 - -87. Let p be 8 - 7/(35/20). Let t be (252/6)/(p - 2). What is the greatest common factor of t and b?
3
Suppose -3*c = 10 + 26. Let v be (c - -11) + (-1)/(1/(-43)). Suppose -2*a + 5*p + v = -23, 3*p = 2*a - 59. What is the highest common divisor of 75 and a?
25
Suppose 0 = -3*j - 4*h - 20, -2*j + h = 6*h + 25. Let v = 19 + -16. Let t be (j + v)/(36/696). Calculate the greatest common divisor of 145 and t.
29
Let y(h) = -152*h - 832. Let z be y(-48). What is the highest common divisor of 96 and z?
32
Let d(x) = -x**3 - 5*x**2 + 4*x + 18. Let m be (-2)/(-4)*-1*(-24)/(-2). Let v be d(m). Calculate the greatest common factor of 140 and v.
10
Suppose 38 = 16*t - 10. Suppose 0 = 2*w - 2*r - 180, -7*w - t*r = -2*w - 410. What is the highest common factor of 10 and w?
5
Suppose 332*a - 329*a = 39. Suppose m + 4*w = -a + 41, 5*w - 101 = -4*m. What is the greatest common factor of m and 200?
8
Let a be (-2970)/(-36)*2/3. Suppose m - d = 228, -d + 465 = -a*m + 57*m. What is the highest common divisor of 33 and m?
33
Suppose -5*p - 4*x + 124 = 0, p - 2*p = -5*x + 10. Let v be ((-40)/12)/((-6)/99). What is the greatest common factor of v and p?
5
Let c be (-1024 + 6/(-3))*-1. Let t(s) = -240*s + 54. Let z be t(0). Calculate the greatest common divisor of c and z.
54
Suppose 4*q - 2*w = 28914, 114*w - 7221 = -q + 112*w. What is the highest common divisor of q and 11?
11
Let h = -10910 - -12980. What is the highest common factor of 12 and h?
6
Suppose -5*h + 10 = t, -5*t - 6 + 12 = 3*h. Suppose 5*r - 5*l - 180 = t, -4*r + 5*l - 7*l = -156. Calculate the highest common divisor of 152 and r.
38
Suppose 42 = 2*k - 34 - 14. Let y = -84 - -120. What is the greatest common divisor of k and y?
9
Suppose v = 2*v + 4*w + 5, -4*w - 20 = 0. Suppose 5*d - 483 = 2*f + 1398, -3*f = 9. What is the greatest common factor of v and d?
15
Let v(c) = -5*c**3 + 2*c**2 + 9*c + 32. Let k be v(-3). Suppose -k*y = -141*y - 1547. Calculate the highest common factor of y and 91.
91
Let d = 30159 + -27698. What is the highest common factor of d and 161?
23
Let j(q) = -7*q**2 - 124*q + 90. Let a be j(-10). What is the greatest common factor of 350 and a?
70
Let a = -122 + 119. Let k be 2/(-4) - (-74)/(-4). Let g = a - k. Calculate the highest common divisor of 24 and g.
8
Suppose -23*x + 27*x + z = 99, x - 3*z - 15 = 0. Let d be 3/2*64/x. What is the highest common factor of 356 and d?
4
Suppose 4*k = 5*x + 55520, -56384 - 82416 = -10*k - x. Calculate the greatest common divisor of 40 and k.
40
Let t be -6 - -37 - -2*(-2)/4. Suppose -5*v = -5*y + t, -4*v + 79 = 5*y + 4. What is the highest common divisor of 44 and y?
11
Suppose 4*v - 71*v + 2077 = 0. What is the highest common factor of 62 and v?
31
Suppose -25*w = -24*w - p - 2923, -26268 = -9*w - 4*p. Calculate the highest common divisor of w and 128.
8
Suppose 9*u + 48 = -186. Let g be u/(-4) - (21/(-6))/(-7). Calculate the greatest common divisor of g and 102.
6
Suppose 4*q = 5*l - 0*l - 1188, -4*l + q = -957. Let n be (-1)/9 + (-248)/36. Let g be (-337)/n - (-4)/(-28). Calculate the highest common factor of l and g.
48
Let f = 1368 - 842. Let v = f + 224. What is the highest common factor of v and 6?
6
Let c(x) = 4*x - 73. Let t be c(30). Let q(z) = -3*z + t + 17 + 18 - 2*z. Let y be q(8). What is the highest common factor of 21 and y?
21
Suppose -175*b + 180*b + 3*t = 6863, 5512 = 4*b - 3*t. Calculate the highest common divisor of 165 and b.
55
Let x = -2558 - -2721. What is the highest common factor of 2771 and x?
163
Suppose 18*u = 2*q + 14*u - 1348, u = 4*q - 2724. Calculate the highest common factor of q and 44.
22
Suppose 59*d = 65*d - 24. Suppose -3*l + 7*l - 3*j = 1017, 0 = -d*l + j + 1019. Calculate the greatest common factor of l and 45.
15
Let h = 11 - 5. Let z(j) = j. Let p be z(h). Let c be 166/8 - p/8. Calculate the highest common factor of 50 and c.
10
Let x(g) = -282*g**3 + g**2 + g. Let l be x(-1). Suppose -35*w - 3696 = -3906. What is the highest common divisor of w and l?
6
Let b = 72 - -75. Let p be (-21)/((b/308)/(-7)). Calculate the greatest common divisor of p and 28.
28
Let h(a) = 9*a**3 - 54*a**2 + 13*a - 34. Let f be h(6). What is the highest common factor of 891 and f?
11
Let k(s) = -921*s + 11080. Let u be k(12). Suppose x - 1 = 1. Let g be (-142)/(-5) + x/(-5). Calculate the greatest common divisor of g and u.
28
Suppose 8*w - 35 = -643. Let c be -75*(-7 - w/12). Calculate the highest common divisor of 120 and c.
10
Let h = -129 - -79. Let t be (520/h)/(2/(-5)). Let m(x) = -18*x + 8. Let s be m(-14). What is the highest common factor of t and s?
26
Let t = -173 - -269. Let i = -77 + t. Suppose -26*u - i = -27*u. What is the highest common divisor of u and 133?
19
Suppose 8*t - 126 + 30 = 0. Let a be 0 + (-3)/(-6) + 2598/t. What is the greatest common divisor of a and 7?
7
Let b be ((-1)/2)/((-1)/184). Suppose 40 = 5*l - 5*j, 9*j = 5*j. What is the highest common factor of b and l?
4
Suppose 12*c - 587 = 241. What is the highest common divisor of 483 and c?
69
Let g(j) = 6*j + 65. Let n be g(-11). Let t be (-192)/256 + (n - (-799)/4). Calculate the highest common factor of 22 and t.
22
Suppose 368 = -10*d + 10*d + 8*d. Let q be (184/(-12))/((-2)/9). Calculate the greatest common factor of d and q.
23
Let k = -127 - -193. Let b(m) = -m. Let t(n) = 14*n + 34. Let u(w) = -10*b(w) - t(w). Let l be u(-10). Calculate the greatest common factor of l and k.
6
Let m = -233 + 113. Let o be -3 + m/(-28) + (-4)/14. Let h be (-14)/(-77) + (-9)/(-11). Calculate the highest common factor of h and o.
1
Let m = -117271 - -117288. Suppose s - 5*w - 182 = 0, 0*s - 5*s + 937 = 2*w. What is the highest common divisor of s and m?
17
Let p = -40 + 88. Suppose 0 = -2*t - l - 63, 0 = 2*t + 4*l + 54 - 6. Let k = -26 - t. What is the greatest common factor of p and k?
8
Suppose t - z = 774, -2*t + 5*z + 864 + 705 = 0. Calculate the highest common divisor of t and 2183.
59
Let d = 32189 - 32044. What is the highest common factor of d and 8468?
29
Suppose -528*c + 6994 = 1017*c - 14636. Let g(l) = 10*l**2 + 2*l - 1. Let n be g(-2). What is the greatest common divisor of c and n?
7
Suppose 0 = 3*n - 3*b + 360, -3*n + b = -b + 365. Let i = 133 + n. Suppose -i*c - 2*c = -120. Calculate the highest common divisor of c and 192.
12
Suppose 16*r + 90 = 5*p + r, -2*r = -8. Calculate the highest common divisor of p and 22070.
10
Suppose 455 = 85*b - 225. Let t = 268 + -462. Let g = t + 282. What is the highest common factor of g and b?
8
Let x(t) = 483*t**3 + 2*t**2 + t. Let p be x(1). What is the highest common divisor of p and 270?
54
Suppose 105 = y - 100. Let l be y*(-2 - (-9 + 5)). What is the highest common divisor of l and 82?
82
Suppose 3*a - 2*a + 4016 = 5*q, 0 = 5*q - 4*a - 4019. Suppose 4049 + 167 = 400*n - 184. What is the highest common divisor of n and q?
11
Let h be ((-182)